75 = 0. What are the prime factors of t?
5
Let n = 13 - 9. Let v = n + -4. Suppose v = 4*q - 0*t + 3*t - 42, 0 = -4*q + t + 34. List the prime factors of q.
3
Let q(a) = -46*a**3 - a**2 + a + 1. What are the prime factors of q(-1)?
3, 5
Let n(m) = -m**2 - 3*m + 1. Let f be n(-2). Suppose 0*t - d + 74 = 5*t, -43 = -f*t - 2*d. Let v = -3 + t. List the prime factors of v.
2, 3
Let a be (-2 + 2)/(3*1). Suppose a*k - 4*k = -32. What are the prime factors of k?
2
Suppose -r - 2*r = -s + 42, -3*s + 56 = 5*r. What are the prime factors of s?
3
Let g(p) = 3*p + 250. What are the prime factors of g(0)?
2, 5
Let t(h) = -3*h - 6. Let w be (-1 + 2)/((-5)/(-185)). Suppose -r - o - 27 = 4*o, 0 = 3*r + 4*o + w. What are the prime factors of t(r)?
3, 5
Let i = -1 - -4. Suppose -i*o + 83 = 26. List the prime factors of o.
19
Let u be (-1)/(-2)*(1 + 7). Let i = 1 - 1. Suppose -l + u*t = -5*l + 32, 5*t - 5 = i. List the prime factors of l.
7
Let s = -4 - 2. Let n = s - -8. List the prime factors of n.
2
Let j = -9 - -7. Let n be 13/(-4) + j/(-8). Let x = 8 - n. What are the prime factors of x?
11
Suppose a - 62 = 2*i + 13, 257 = 3*a + 2*i. List the prime factors of a.
83
Suppose -146 = -5*p - 3*a + 1076, -714 = -3*p + 3*a. What are the prime factors of p?
2, 11
Suppose -d + 4*d = 3*s + 45, 5*s - d = -63. List the prime factors of 35/3 - 4/s.
2, 3
Let j(n) = -n**2 - 9*n + 5. Let f be j(-9). Suppose 5*u + q - 11 = 10, u - f*q = 25. List the prime factors of u.
5
Suppose 0 = -4*j + 49 + 31. What are the prime factors of j?
2, 5
Let n be (4/3)/(6/54). List the prime factors of 9 - n - (-1 - 31).
29
Suppose -2*p + 215 + 29 = 0. List the prime factors of p.
2, 61
Let k(z) = z**3 + z**2 + 3*z - 2. Let w be k(4). Suppose p = -m + 2*m - w, 330 = 4*m + 2*p. Suppose y - m = -4*y. What are the prime factors of y?
17
Let n be 1 + (-27 - (-2 - -1)). Let u be 8/36 + n/(-9). Suppose 0 = 5*h - 57 - u. What are the prime factors of h?
2, 3
Let b be 2/(((-4)/(-3))/2). Suppose 0 = 2*n - 11 + b. What are the prime factors of n?
2
Let d = 75 + -50. What are the prime factors of d?
5
Suppose 3 + 5 = 3*q + 4*v, -v + 3 = q. Suppose 30 = 5*p + 5*y, -2*p + 3*y - q*y = -8. What are the prime factors of p?
2
Let d = 1 - -3. Let i be (d + -1)/((-1)/(-1)). Suppose -3*c = -i*g, 0*g - 3*c + 20 = g. List the prime factors of g.
5
Let f(w) = -w**3 - 8*w**2 - 10*w + 3. List the prime factors of f(-8).
83
Suppose 6*n - 2*z = 3*n + 183, 4*z + 248 = 4*n. What are the prime factors of n?
59
Let h(d) = d**3 - d**2 + 3*d - 4. Let j be 6 - (0 + 0 + 1). Let v be ((-6)/10)/((-1)/j). List the prime factors of h(v).
23
List the prime factors of 12/16*(-2 - -454)*1.
3, 113
Let i = 339 - 221. Let m = i + -65. Suppose y - 15 = 3*f, -2*f - m = -4*y + 3*f. List the prime factors of y.
2, 3
Let h = 630 + -417. What are the prime factors of h?
3, 71
Suppose -16*g = -1440 - 624. What are the prime factors of g?
3, 43
Let y = -15 - -22. Suppose 6*k - y*k + 53 = 0. List the prime factors of k.
53
Suppose -5*z - 25 = -5*q, 6*q = 4*z + 3*q + 17. Let h be 5 + z + (-2)/(-2). Suppose -2*k - 5*n = -4*k + 13, -h*n - 12 = -2*k. List the prime factors of k.
2
Let l(q) = q**3 + 6*q**2 - 6*q - 7. What are the prime factors of l(-6)?
29
Let j = -2 - -1. Let n be (j/2)/(2/(-4)). What are the prime factors of (n - 19)/(9/(-6))?
2, 3
Let v = 44 - 17. List the prime factors of v.
3
Suppose -t + 3*t - 192 = 0. List the prime factors of t.
2, 3
Let l(s) = -s**3 + 6*s**2 + 9*s + 5. What are the prime factors of l(7)?
19
Let z(j) = -45*j + 3. What are the prime factors of z(-4)?
3, 61
Let p = 108 + -57. What are the prime factors of p?
3, 17
Let q(b) = 3*b - 1. Let v be q(2). Suppose v*u - 22 - 8 = -g, 2*u + 10 = 4*g. Suppose a + 3*a = 3*o + 36, -4*o = u*a - 45. What are the prime factors of a?
3
Let y = 174 + -123. What are the prime factors of y?
3, 17
Let w = 9 + -6. Let s be 2/(3/18*w). What are the prime factors of (-1 + s - 2) + 14?
3, 5
Suppose 5*t + 4 = 3*t. List the prime factors of 20 - (4/(-2))/t.
19
Let m(s) = s**3 + 8*s**2 - 2*s - 11. Let n be m(-8). Suppose n*q - q = 0. Suppose 2*a + 3*a - 5*d - 40 = q, -d + 42 = 4*a. List the prime factors of a.
2, 5
Let z(f) = 93*f + 3. Let a be z(1). Suppose 4*g + 132 = 4*x, -3*x - 3*g = -a - 15. What are the prime factors of x?
5, 7
Suppose 3*t - 2 = -11. Let l be (-2)/(-6) + 28/t. What are the prime factors of -30*(-1 + l/(-15))?
2, 3
Let n(l) = -4 - l**2 + 0*l**2 + 8*l - 3. Let m be n(7). Suppose -3*z - 2*i + 35 = m, 5*i = 6*z - 3*z - 28. What are the prime factors of z?
11
List the prime factors of (15/(-5))/((-2)/226).
3, 113
Let t be 1 + 1 + 2 - -1. Suppose 18 = t*z + 3. What are the prime factors of z?
3
Let s = 4 - 3. Let j be s/2 - 52/(-8). Suppose 2*k = 3*a + 15, 4*a + j = 19. What are the prime factors of k?
2, 3
Suppose 27 + 69 = 4*b. List the prime factors of b.
2, 3
Let q(i) = i**2. Let s be q(1). Let o be 8 - (-3)/((-3)/s). Suppose 0 = -f - o + 22. What are the prime factors of f?
3, 5
Let o = -39 - -109. Suppose -50 = -5*m + o. What are the prime factors of m?
2, 3
Let s(f) = -f**3 - 11*f**2 - 20*f + 13. List the prime factors of s(-9).
31
Let k(d) = -d**3 + 4*d**2 + 9*d - 6. Let b be k(6). Let f = b + 38. List the prime factors of f.
2, 7
Suppose -4*n + 1 = 2*z - 25, 0 = -3*z + 3*n + 21. Suppose q - 4*k = -z, 3*q + 15 = 7*q + k. What are the prime factors of q?
3
Let u = 1 + 6. Suppose 0 = -w - u. What are the prime factors of (w/(-2))/((-1)/(-2))?
7
What are the prime factors of (184/(-14))/((-30)/105)?
2, 23
Suppose 0 = 2*k + 64 + 26. Let d be ((-12)/(-15))/((-6)/k). What are the prime factors of (24 - -1)*d/15?
2, 5
Let d(p) = -4 - p**3 + 9*p + 4 + 11 + 8*p**2. List the prime factors of d(9).
11
Let l be (-9 - -2)*24/(-28). Let t(r) = 3*r - 1. What are the prime factors of t(l)?
17
Suppose v = -5*b - 2, 5*b + 10 = v - 6*v. Suppose b = -4*p + 6 - 2. Let q = 3 - p. What are the prime factors of q?
2
Let j(h) = -h**2 - 19*h + 16. List the prime factors of j(-16).
2
List the prime factors of (6/(-15))/(5/(-725)).
2, 29
Suppose -m = 4*m. Let t(r) = m - r - 1 + 1. List the prime factors of t(-2).
2
Suppose 7*h - 340 = 3*h. What are the prime factors of h?
5, 17
Suppose 0*w = -3*w - 3, 37 = 3*q + 5*w. Suppose b + 24 = 5*b. Let i = q - b. What are the prime factors of i?
2
Suppose 0*b - 106 = -b + u, 4*b - 2*u = 426. What are the prime factors of b?
107
Suppose -3*m = 4*c - 5*c + 29, c = -2*m + 29. List the prime factors of c.
29
Suppose -5*h = -a + 13, 0 = -2*a + h - 2*h + 4. List the prime factors of a.
3
List the prime factors of 59/(-2*(-3)/30).
5, 59
Suppose 0 = -2*q - 3*b + 12, -q = b + b - 7. Suppose -108 = -u - q*u. List the prime factors of u.
3
Let i = -43 + 208. What are the prime factors of i?
3, 5, 11
Let f(t) = t - 4*t - 1 - 3 - 5. What are the prime factors of f(-8)?
3, 5
Let w(m) = -119*m**3 + m**2 + 2*m + 1. List the prime factors of w(-1).
7, 17
Let o(j) = -j**3 + 11*j**2 + 12*j - 11. List the prime factors of o(11).
11
Suppose 8 - 50 = -2*i. What are the prime factors of i?
3, 7
Suppose 0 = 3*m + 5*y - 26, m = 3*m + 4*y - 14. What are the prime factors of m?
17
Let y = -21 + 45. List the prime factors of y.
2, 3
Let x = 114 + -34. Suppose 0*q - x = -2*q. List the prime factors of q.
2, 5
Suppose 2*p + 2*g - 68 = 0, -4*p = p - 5*g - 180. What are the prime factors of p?
5, 7
Let d = 24 - 14. What are the prime factors of d?
2, 5
Suppose 0 = -x - x - 14. Let t = x + 2. What are the prime factors of (-5)/(t/(-2)) - -8?
2, 3
Suppose 3*k - 1700 = -7*k. List the prime factors of k.
2, 5, 17
Suppose 5*a + 27 = 2*n - 0*n, -4*n = a - 21. Suppose 5*g - n = 4. Suppose -15 = -3*l + q - 4*q, 0 = -g*q - 4. List the prime factors of l.
7
Let a = -352 + 519. List the prime factors of a.
167
List the prime factors of 142/5 - (-8)/(-20).
2, 7
Suppose 111 = 4*m - 829. Suppose -65 = -v - 2*y - 20, 4*v - 3*y - m = 0. Suppose 0 = -4*f - f + v. List the prime factors of f.
11
Let n = -22 + 44. Suppose -2*g = -2 - n. What are the prime factors of g?
2, 3
Let y = 26 - 9. Suppose 0 = -y*j + 21*j - 88. What are the prime factors of j?
2, 11
Let j(c) = -5*c + 3. Let o(z) = z**2 - 6*z + 6. Let q be o(4). List the prime factors of j(q).
13
Suppose j - 5*j + 476 = 0. Suppose j = 4*p 